it of 20304?
4
What is the units digit of 24063?
3
What is the tens digit of 2739?
3
What is the hundreds digit of 3754?
7
What is the hundreds digit of 1573?
5
What is the units digit of 13761?
1
What is the thousands digit of 36686?
6
What is the hundreds digit of 880?
8
What is the thousands digit of 16568?
6
What is the tens digit of 9047?
4
What is the units digit of 254?
4
What is the thousands digit of 14625?
4
What is the hundreds digit of 2831?
8
What is the ten thousands digit of 85268?
8
What is the tens digit of 661?
6
What is the tens digit of 106620?
2
What is the tens digit of 68375?
7
What is the thousands digit of 9023?
9
What is the hundreds digit of 1158?
1
What is the thousands digit of 4590?
4
What is the hundreds digit of 6126?
1
What is the thousands digit of 11570?
1
What is the hundreds digit of 58018?
0
What is the thousands digit of 1610?
1
What is the thousands digit of 20389?
0
What is the thousands digit of 13680?
3
What is the units digit of 197?
7
What is the tens digit of 2563?
6
What is the hundreds digit of 5501?
5
What is the units digit of 2817?
7
What is the hundreds digit of 21740?
7
What is the units digit of 2286?
6
What is the hundreds digit of 303?
3
What is the thousands digit of 33600?
3
What is the units digit of 123996?
6
What is the units digit of 12400?
0
What is the tens digit of 259?
5
What is the hundreds digit of 73832?
8
What is the hundreds digit of 777?
7
What is the units digit of 542?
2
What is the hundreds digit of 8562?
5
What is the hundreds digit of 3354?
3
What is the thousands digit of 19807?
9
What is the thousands digit of 4166?
4
What is the units digit of 2442?
2
What is the units digit of 9561?
1
What is the units digit of 5672?
2
What is the thousands digit of 32785?
2
What is the units digit of 59753?
3
What is the thousands digit of 22389?
2
What is the tens digit of 45?
4
What is the hundreds digit of 818?
8
What is the thousands digit of 24400?
4
What is the tens digit of 5514?
1
What is the hundreds digit of 583?
5
What is the units digit of 534?
4
What is the thousands digit of 2370?
2
What is the ten thousands digit of 26742?
2
What is the tens digit of 3965?
6
What is the hundreds digit of 2003?
0
What is the units digit of 7708?
8
What is the units digit of 247?
7
What is the tens digit of 42785?
8
What is the tens digit of 2547?
4
What is the tens digit of 965?
6
What is the units digit of 68147?
7
What is the thousands digit of 44019?
4
What is the thousands digit of 9709?
9
What is the hundreds digit of 250?
2
What is the thousands digit of 5658?
5
What is the tens digit of 323?
2
What is the thousands digit of 1017?
1
What is the tens digit of 690?
9
What is the tens digit of 2303?
0
What is the ten thousands digit of 28675?
2
What is the units digit of 9854?
4
What is the hundreds digit of 801?
8
What is the tens digit of 4075?
7
What is the thousands digit of 93117?
3
What is the thousands digit of 5970?
5
What is the units digit of 71441?
1
What is the hundreds digit of 55107?
1
What is the units digit of 8153?
3
What is the thousands digit of 144031?
4
What is the tens digit of 8048?
4
What is the tens digit of 13031?
3
What is the units digit of 3554?
4
What is the hundreds digit of 1250?
2
What is the hundreds digit of 68611?
6
What is the units digit of 197?
7
What is the units digit of 9223?
3
What is the units digit of 10287?
7
What is the units digit of 414?
4
What is the units digit of 10238?
8
What is the units digit of 3154?
4
What is the hundreds digit of 4628?
6
What is the units digit of 879?
9
What is the hundreds digit of 1246?
2
What is the ten thousands digit of 11513?
1
What is the tens digit of 45000?
0
What is the thousands digit of 138188?
8
What is the hundreds digit of 3793?
7
What is the tens digit of 640?
4
What is the tens digit of 628?
2
What is the hundred thousands digit of 126538?
1
What is the hundreds digit of 188?
1
What is the units digit of 16?
6
What is the hundreds digit of 5333?
3
What is the hundreds digit of 3258?
2
What is the hundreds digit of 778?
7
What is the units digit of 65067?
7
What is the hundreds digit of 69174?
1
What is the thousands digit of 4294?
4
What is the thousands digit of 3453?
3
What is the tens digit of 12290?
9
What is the thousands digit of 1468?
1
What is the tens digit of 339?
3
What is the units digit of 175099?
9
What is the tens digit of 157983?
8
What is the tens digit of 673?
7
What is the units digit of 1268?
8
What is the units digit of 1559?
9
What is the tens digit of 5600?
0
What is the thousands digit of 4866?
4
What is the units digit of 1345?
5
What is the tens digit of 19175?
7
What is the units digit of 563?
3
What is the thousands digit of 2197?
2
What is the hundreds digit of 6820?
8
What is the thousands digit of 73679?
3
What is the tens digit of 3692?
9
What is the tens digit of 3228?
2
What is the tens digit of 52629?
2
What is the thousands digit of 2777?
2
What is the thousands digit of 5570?
5
What is the hundreds digit of 28962?
9
What is the tens digit of 1138?
3
What is the tens digit of 360?
6
What is the tens digit of 8092?
9
What is the thousands digit of 3431?
3
What is the thousands digit of 8423?
8
What is the units digit of 15800?
0
What is the units digit of 7918?
8
What is the ten thousands digit of 11303?
1
What is the thousands digit of 7317?
7
What is the tens digit of 21534?
3
What is the hundreds digit of 139?
1
What is the thousands digit of 1499?
1
What is the tens digit of 28864?
6
What is the tens digit of 1829?
2
What is the thousands digit of 6306?
6
What is the hundreds digit of 24500?
5
What is the units digit of 40303?
3
What is the tens digit of 27907?
0
What is the hundreds digit of 120155?
1
What is the units digit of 131931?
1
What is the hundreds digit of 442?
4
What is the units digit of 626?
6
What is the tens digit of 5045?
4
What is the units digit of 2577?
7
What is the ten thousands digit of 76426?
7
What is the hundreds digit of 50537?
5
What is the hundreds digit of 35740?
7
What is the thousands digit of 144730?
4
What is the units digit of 1474?
4
What is the units digit of 7640?
0
What is the units digit of 763?
3
What is the units digit of 17604?
4
What is the ten thousands digit of 11447?
1
What is the units digit of 1509?
9
What is the units digit of 602?
2
What is the tens digit of 2683?
8
What is the thousands digit of 1090?
1
What is the hundreds digit of 20210?
2
What is the thousands digit of 1255?
1
What is the units digit of 5405?
5
What is the units digit of 3109?
9
What is the tens digit of 16741?
4
What is the tens digit of 6525?
2
What is the tens digit of 338?
3
What is the tens digit of 986?
8
What is the tens digit of 13154?
5
What is the hundreds digit of 22236?
2
What is the units digit of 23347?
7
What is the units digit of 1486?
6
What is the thousands digit of 18587?
8
What is the ten thousands digit of 59584?
5
What is the thousands digit of 17682?
7
What is the tens digit of 20056?
5
What is the ten thousands digit of 67272?
6
What is the tens digit of 5829?
2
What is the hundreds digit of 2148?
1
What is the units digit of 136?
6
What is the tens digit of 29?
2
What is the hundreds digit of 944?
9
What is the thousands digit of 1193?
1
What is the tens digit of 11054?
5
What is the ten thousands digit of 26878?
2
What is the hundreds digit of 42256?
2
What is the units digit of 2878?
8
What is the units digit of 136700?
0
What is the hundreds digit of 33620?
6
What is the hundreds digit of 643?
6
What is the hundreds digit of 6743?
7
What is the units digit of 19856?
6
What is the thousands digit of 26565?
6
What is the units digit of 1431?
1
What is the tens digit of 1334?
3
What is the tens digit of 1129?
2
What is the thousands digit of 14451?
4
What is the units digit of 10834?
4
What is the units digit of 35515?
5
What is the units digit of 1479?
9
What is the tens digit of 26711?
1
What is the units digit of 2617?
7
What is the thousands digit of 30393?
0
What is the thousands digit of 18214?
8
What is the thousands digit of 2084?
2
What is the thousands digit of 90908?
0
What is the tens digit of 134692?
9
What is the hundreds digit of 16515?
5
What is the tens digit of 3504?
0
What is the 